{"id":163,"date":"2021-06-22T20:58:56","date_gmt":"2021-06-22T20:58:56","guid":{"rendered":"https:\/\/www.rotalift.com\/vip\/?page_id=163"},"modified":"2021-06-22T21:10:44","modified_gmt":"2021-06-22T21:10:44","slug":"promociones","status":"publish","type":"page","link":"https:\/\/www.rotalift.com\/vip\/promociones\/","title":{"rendered":"PROMOCIONES"},"content":{"rendered":"<p>[vc_row][vc_column]\n\t\t\t<!-- START Slider 1 REVOLUTION SLIDER 6.4.3 --><p class=\"rs-p-wp-fix\"><\/p>\n\t\t\t<rs-module-wrap id=\"rev_slider_1_1_wrapper\" data-source=\"gallery\" style=\"background:#000000;padding:0;margin:0px auto;margin-top:0;margin-bottom:0;\">\n\t\t\t\t<rs-module id=\"rev_slider_1_1\" style=\"\" data-version=\"6.4.3\">\n\t\t\t\t\t<rs-slides>\n\t\t\t\t\t\t<rs-slide data-key=\"rs-1\" data-title=\"Slide\" data-anim=\"e:slidingoverlay;ms:2000;\" data-in=\"o:0;y:100%;\" data-out=\"a:false;\">\n\t\t\t\t\t\t\t<img loading=\"lazy\" decoding=\"async\" src=\"https:\/\/i2.wp.com\/www.rotalift.com\/vip\/wp-content\/uploads\/2022\/12\/slide-herramienta-1.jpg?resize=1080%2C432\" title=\"slide-herramienta\" width=\"1080\" height=\"432\" class=\"rev-slidebg\" data-no-retina data-recalc-dims=\"1\">\n<!--\n\t\t\t\t\t\t\t--><rs-layer\n\t\t\t\t\t\t\t\tid=\"slider-1-slide-1-layer-0\" \n\t\t\t\t\t\t\t\tdata-type=\"image\"\n\t\t\t\t\t\t\t\tdata-rsp_ch=\"on\"\n\t\t\t\t\t\t\t\tdata-xy=\"x:c;y:141px;\"\n\t\t\t\t\t\t\t\tdata-text=\"w:normal;\"\n\t\t\t\t\t\t\t\tdata-dim=\"w:321.984px;h:114px;\"\n\t\t\t\t\t\t\t\tdata-frame_0=\"sX:0.9;sY:0.9;\"\n\t\t\t\t\t\t\t\tdata-frame_1=\"st:1600;sp:1000;\"\n\t\t\t\t\t\t\t\tdata-frame_999=\"o:0;st:w;sR:6490;\"\n\t\t\t\t\t\t\t\tstyle=\"z-index:6;\"\n\t\t\t\t\t\t\t><img loading=\"lazy\" decoding=\"async\" src=\"https:\/\/i0.wp.com\/www.rotalift.com\/vip\/wp-content\/uploads\/2022\/12\/logo-blanco-rotalift.png?resize=600%2C212\" width=\"600\" height=\"212\" data-no-retina data-recalc-dims=\"1\"> \n\t\t\t\t\t\t\t<\/rs-layer><!--\n\n\t\t\t\t\t\t\t--><rs-layer\n\t\t\t\t\t\t\t\tid=\"slider-1-slide-1-layer-1\" \n\t\t\t\t\t\t\t\tdata-type=\"text\"\n\t\t\t\t\t\t\t\tdata-color=\"#ffffff\"\n\t\t\t\t\t\t\t\tdata-rsp_ch=\"on\"\n\t\t\t\t\t\t\t\tdata-xy=\"x:c;xo:-2px;y:285px;\"\n\t\t\t\t\t\t\t\tdata-text=\"w:normal;s:51;l:62;fw:700;a:center;\"\n\t\t\t\t\t\t\t\tdata-dim=\"w:856;\"\n\t\t\t\t\t\t\t\tdata-frame_0=\"y:54px;\"\n\t\t\t\t\t\t\t\tdata-frame_1=\"st:590;sp:1000;sR:590;\"\n\t\t\t\t\t\t\t\tdata-frame_999=\"o:0;st:w;sR:7410;\"\n\t\t\t\t\t\t\t\tstyle=\"z-index:5;font-family:Roboto;\"\n\t\t\t\t\t\t\t>HERRAMIENTA AUTOMOTRIZ \n\t\t\t\t\t\t\t<\/rs-layer><!--\n\n\t\t\t\t\t\t\t--><rs-layer\n\t\t\t\t\t\t\t\tid=\"slider-1-slide-1-layer-2\" \n\t\t\t\t\t\t\t\tdata-type=\"text\"\n\t\t\t\t\t\t\t\tdata-color=\"#ffffff\"\n\t\t\t\t\t\t\t\tdata-rsp_ch=\"on\"\n\t\t\t\t\t\t\t\tdata-xy=\"x:319px;y:354px;\"\n\t\t\t\t\t\t\t\tdata-text=\"w:normal;\"\n\t\t\t\t\t\t\t\tdata-frame_999=\"o:0;st:w;\"\n\t\t\t\t\t\t\t\tstyle=\"z-index:7;font-family:Roboto;\"\n\t\t\t\t\t\t\t>Pide una cotizaci\u00f3n v\u00eda WhatsApp con uno de nuestros asesores<br \/>\n \n\t\t\t\t\t\t\t<\/rs-layer><!--\n-->\t\t\t\t\t\t<\/rs-slide>\n\t\t\t\t\t<\/rs-slides>\n\t\t\t\t<\/rs-module>\n\t\t\t\t<script type=\"text\/javascript\">\n\t\t\t\t\tsetREVStartSize({c: 'rev_slider_1_1',rl:[1240,1024,778,480],el:[450],gw:[1240],gh:[450],type:'standard',justify:'',layout:'fullwidth',mh:\"0\"});\n\t\t\t\t\tvar\trevapi1,\n\t\t\t\t\t\ttpj;\n\t\t\t\t\tfunction revinit_revslider11() {\n\t\t\t\t\tjQuery(function() {\n\t\t\t\t\t\ttpj = jQuery;\n\t\t\t\t\t\trevapi1 = tpj(\"#rev_slider_1_1\");\n\t\t\t\t\t\tif(revapi1==undefined || revapi1.revolution == undefined){\n\t\t\t\t\t\t\trevslider_showDoubleJqueryError(\"rev_slider_1_1\");\n\t\t\t\t\t\t}else{\n\t\t\t\t\t\t\trevapi1.revolution({\n\t\t\t\t\t\t\t\tsliderLayout:\"fullwidth\",\n\t\t\t\t\t\t\t\tvisibilityLevels:\"1240,1024,778,480\",\n\t\t\t\t\t\t\t\tgridwidth:1240,\n\t\t\t\t\t\t\t\tgridheight:450,\n\t\t\t\t\t\t\t\tperspective:600,\n\t\t\t\t\t\t\t\tperspectiveType:\"global\",\n\t\t\t\t\t\t\t\teditorheight:\"450,768,960,720\",\n\t\t\t\t\t\t\t\tresponsiveLevels:\"1240,1024,778,480\",\n\t\t\t\t\t\t\t\toverlay: {\n\t\t\t\t\t\t\t\t\ttype: 3,\n\t\t\t\t\t\t\t\t\tcolora: \"rgba(0,0,0,0.56)\",\n\n\t\t\t\t\t\t\t\t},\n\t\t\t\t\t\t\t\tprogressBar:{disableProgressBar:true},\n\t\t\t\t\t\t\t\tnavigation: {\n\t\t\t\t\t\t\t\t\tonHoverStop:false\n\t\t\t\t\t\t\t\t},\n\t\t\t\t\t\t\t\tfallbacks: {\n\t\t\t\t\t\t\t\t\tallowHTML5AutoPlayOnAndroid:true\n\t\t\t\t\t\t\t\t},\n\t\t\t\t\t\t\t});\n\t\t\t\t\t\t}\n\t\t\t\t\t\t\n\t\t\t\t\t});\n\t\t\t\t\t} \/\/ End of RevInitScript\n\t\t\t\tvar once_revslider11 = false;\n\t\t\t\tif (document.readyState === \"loading\") {document.addEventListener('readystatechange',function() { if((document.readyState === \"interactive\" || document.readyState === \"complete\") && !once_revslider11 ) { once_revslider11 = true; revinit_revslider11();}});} else {once_revslider11 = true; revinit_revslider11();}\n\t\t\t\t<\/script>\n\t\t\t<\/rs-module-wrap>\n\t\t\t<!-- END REVOLUTION SLIDER -->\n[\/vc_column][\/vc_row][vc_row][vc_column width=&#8221;1\/4&#8243;][\/vc_column][vc_column width=&#8221;1\/2&#8243;][vc_column_text]<img loading=\"lazy\" decoding=\"async\" class=\"alignnone size-full wp-image-127 aligncenter\" src=\"https:\/\/i0.wp.com\/www.rotalift.com\/vip\/wp-content\/uploads\/2021\/06\/clientes-vip-head.jpg?resize=838%2C400&#038;ssl=1\" alt=\"\" width=\"838\" height=\"400\" srcset=\"https:\/\/i0.wp.com\/www.rotalift.com\/vip\/wp-content\/uploads\/2021\/06\/clientes-vip-head.jpg?w=838&amp;ssl=1 838w, https:\/\/i0.wp.com\/www.rotalift.com\/vip\/wp-content\/uploads\/2021\/06\/clientes-vip-head.jpg?resize=300%2C143&amp;ssl=1 300w, https:\/\/i0.wp.com\/www.rotalift.com\/vip\/wp-content\/uploads\/2021\/06\/clientes-vip-head.jpg?resize=768%2C367&amp;ssl=1 768w, https:\/\/i0.wp.com\/www.rotalift.com\/vip\/wp-content\/uploads\/2021\/06\/clientes-vip-head.jpg?resize=800%2C382&amp;ssl=1 800w\" sizes=\"auto, (max-width: 838px) 100vw, 838px\" data-recalc-dims=\"1\" \/>[\/vc_column_text][tek_sectiontitle st_title=&#8221;Agradecemos tu preferencia otorg\u00e1ndote acceso a ofertas especiales&#8221; st_title_tag=&#8221;&#8221; st_subtitle=&#8221;Tenemos todo un cat\u00e1logo a precios preferenciales para t\u00ed.&#8221; st_subtitle_decoration=&#8221;&#8221; st_separator_enable=&#8221;separator_off&#8221; st_text_align=&#8221;text-center&#8221; st_width=&#8221;st_fullwidth&#8221;][\/vc_column][vc_column width=&#8221;1\/4&#8243;][\/vc_column][\/vc_row]<\/p>\n","protected":false},"excerpt":{"rendered":"<p>[vc_row][vc_column][\/vc_column][\/vc_row][vc_row][vc_column width=&#8221;1\/4&#8243;][\/vc_column][vc_column width=&#8221;1\/2&#8243;][vc_column_text][\/vc_column_text][tek_sectiontitle st_title=&#8221;Agradecemos tu preferencia otorg\u00e1ndote acceso a ofertas especiales&#8221; st_title_tag=&#8221;&#8221; st_subtitle=&#8221;Tenemos todo un cat\u00e1logo a precios preferenciales para t\u00ed.&#8221; st_subtitle_decoration=&#8221;&#8221; st_separator_enable=&#8221;separator_off&#8221; st_text_align=&#8221;text-center&#8221; st_width=&#8221;st_fullwidth&#8221;][\/vc_column][vc_column width=&#8221;1\/4&#8243;][\/vc_column][\/vc_row]<\/p>\n","protected":false},"author":1,"featured_media":0,"parent":0,"menu_order":0,"comment_status":"closed","ping_status":"closed","template":"","meta":{"_et_pb_use_builder":"","_et_pb_old_content":"","_et_gb_content_width":"","_mi_skip_tracking":false,"spay_email":"","footnotes":""},"class_list":["post-163","page","type-page","status-publish","hentry"],"aioseo_notices":[],"jetpack-related-posts":[{"id":373,"url":"https:\/\/www.rotalift.com\/vip\/","url_meta":{"origin":163,"position":0},"title":"HERRAMIENTA","date":"diciembre 27, 2022","format":false,"excerpt":"[et_pb_column\u2026","rel":"","context":"Entrada similar","img":{"alt_text":"","src":"https:\/\/i0.wp.com\/www.rotalift.com\/vip\/wp-content\/uploads\/2022\/12\/herramienta-hidraulica-btn.jpg?resize=350%2C200&ssl=1","width":350,"height":200},"classes":[]},{"id":612,"url":"https:\/\/www.rotalift.com\/vip\/carros-portaherramientas\/","url_meta":{"origin":163,"position":1},"title":"CARROS PORTAHERRAMIENTAS","date":"febrero 1, 2024","format":false,"excerpt":"[et_pb_image src=\"https:\/\/www.rotalift.com\/vip\/wp-content\/uploads\/2024\/02\/carro-por-ta-herramientas.jpg\" alt=\"carro-de-herramienta\" title_text=\"carro-por-ta-herramientas\" url=\"https:\/\/www.rotalift.com\/vip\/carro-de-reparacion\/\" align=\"center\"\u2026","rel":"","context":"Entrada similar","img":{"alt_text":"","src":"","width":0,"height":0},"classes":[]},{"id":129,"url":"https:\/\/www.rotalift.com\/vip\/catalogo\/","url_meta":{"origin":163,"position":2},"title":"catalogo","date":"junio 10, 2021","format":false,"excerpt":"[vc_row full_width=\"stretch_row\" css=\".vc_custom_1516112546299{padding-top: 100px !important;padding-bottom: 80px !important;background-color: #f7f9fb !important;}\"][vc_column width=\"1\/2\" css=\".vc_custom_1513687960231{padding-right: 40px !important;}\"][vc_row_inner css=\".vc_custom_1516103430822{padding-top: 275px !important;padding-bottom: 200px !important;background-image: url(https:\/\/www.leadengine-wp.com\/wp-content\/uploads\/2018\/01\/img9.jpg?id=5446) !important;background-position: center !important;background-repeat: no-repeat !important;background-size: cover !important;}\"][vc_column_inner css=\".vc_custom_1511789291663{padding-top: 0px !important;padding-bottom: 0px !important;}\"][vc_empty_space height=\"100px\"][vc_column_text css_animation=\"fadeInUp\"][\/vc_column_text][\/vc_column_inner][\/vc_row_inner][\/vc_column][vc_column width=\"1\/2\" css=\".vc_custom_1513687965157{padding-left: 40px !important;}\"][vc_row_inner css=\".vc_custom_1516106377980{padding-top: 130px !important;}\"][vc_column_inner offset=\"vc_hidden-xs\"][tek_sectiontitle st_title=\"Agradecemos tu preferencia otorg\u00e1ndote acceso a ofertas especiales\" st_title_tag=\"\"\u2026","rel":"","context":"Entrada similar","img":{"alt_text":"","src":"https:\/\/i0.wp.com\/www.rotalift.com\/vip\/wp-content\/uploads\/2021\/06\/clientes-vip-head.jpg?resize=350%2C200&ssl=1","width":350,"height":200},"classes":[]}],"_links":{"self":[{"href":"https:\/\/www.rotalift.com\/vip\/wp-json\/wp\/v2\/pages\/163","targetHints":{"allow":["GET"]}}],"collection":[{"href":"https:\/\/www.rotalift.com\/vip\/wp-json\/wp\/v2\/pages"}],"about":[{"href":"https:\/\/www.rotalift.com\/vip\/wp-json\/wp\/v2\/types\/page"}],"author":[{"embeddable":true,"href":"https:\/\/www.rotalift.com\/vip\/wp-json\/wp\/v2\/users\/1"}],"replies":[{"embeddable":true,"href":"https:\/\/www.rotalift.com\/vip\/wp-json\/wp\/v2\/comments?post=163"}],"version-history":[{"count":3,"href":"https:\/\/www.rotalift.com\/vip\/wp-json\/wp\/v2\/pages\/163\/revisions"}],"predecessor-version":[{"id":167,"href":"https:\/\/www.rotalift.com\/vip\/wp-json\/wp\/v2\/pages\/163\/revisions\/167"}],"wp:attachment":[{"href":"https:\/\/www.rotalift.com\/vip\/wp-json\/wp\/v2\/media?parent=163"}],"curies":[{"name":"wp","href":"https:\/\/api.w.org\/{rel}","templated":true}]}}