{"id":1196,"date":"2024-03-27T16:26:18","date_gmt":"2024-03-27T16:26:18","guid":{"rendered":"https:\/\/www.rotalift.com\/vip\/producto\/compresor-de-anillos-de-piston\/"},"modified":"2024-03-31T19:52:56","modified_gmt":"2024-03-31T19:52:56","slug":"compresor-de-anillos-de-piston","status":"publish","type":"product","link":"https:\/\/www.rotalift.com\/vip\/producto\/compresor-de-anillos-de-piston\/","title":{"rendered":"COMPRESOR DE ANILLOS DE PISTON"},"content":{"rendered":"<p>[et_pb_section fb_built=&#8221;1&#8243; _builder_version=&#8221;3.22&#8243; custom_padding=&#8221;0px||||false|false&#8221;][et_pb_row _builder_version=&#8221;3.25&#8243; background_size=&#8221;initial&#8221; background_position=&#8221;top_left&#8221; background_repeat=&#8221;repeat&#8221; width=&#8221;100%&#8221; custom_padding=&#8221;0px||0px||false|false&#8221;][et_pb_column type=&#8221;4_4&#8243; _builder_version=&#8221;3.25&#8243; custom_padding=&#8221;|||&#8221; custom_padding__hover=&#8221;|||&#8221;][et_pb_wc_cart_notice _builder_version=&#8221;3.0.47&#8243;][\/et_pb_wc_cart_notice][\/et_pb_column][\/et_pb_row][et_pb_row column_structure=&#8221;1_2,1_2&#8243; _builder_version=&#8221;3.25&#8243; background_size=&#8221;initial&#8221; background_position=&#8221;top_left&#8221; background_repeat=&#8221;repeat&#8221; width=&#8221;100%&#8221; custom_padding=&#8221;0px||||false|false&#8221;][et_pb_column type=&#8221;1_2&#8243; _builder_version=&#8221;3.25&#8243; custom_padding=&#8221;|||&#8221; custom_padding__hover=&#8221;|||&#8221;][et_pb_image src=&#8221;https:\/\/www.rotalift.com\/vip\/wp-content\/uploads\/2024\/03\/62001.jpg&#8221; alt=&#8221;COMPRESOR DE ANILLOS DE PISTON&#8221; title_text=&#8221;62001&#8243; _builder_version=&#8221;4.9.4&#8243; _module_preset=&#8221;default&#8221; scroll_scaling=&#8221;0|31|31|100|70|100|100&#8243; hover_enabled=&#8221;0&#8243; transform_styles__hover_enabled=&#8221;on|hover&#8221; transform_scale__hover_enabled=&#8221;on|hover&#8221; transform_translate__hover_enabled=&#8221;on|desktop&#8221; transform_rotate__hover_enabled=&#8221;on|desktop&#8221; transform_skew__hover_enabled=&#8221;on|desktop&#8221; transform_origin__hover_enabled=&#8221;on|desktop&#8221; transform_scale__hover=&#8221;130%|130%&#8221; sticky_enabled=&#8221;0&#8243;][\/et_pb_image][\/et_pb_column][et_pb_column type=&#8221;1_2&#8243; _builder_version=&#8221;3.25&#8243; custom_padding=&#8221;|||&#8221; custom_padding__hover=&#8221;|||&#8221;][et_pb_wc_title _builder_version=&#8221;3.0.47&#8243;][\/et_pb_wc_title][et_pb_wc_price _builder_version=&#8221;3.0.47&#8243;][\/et_pb_wc_price][et_pb_wc_description _builder_version=&#8221;3.0.47&#8243;][\/et_pb_wc_description][et_pb_wc_add_to_cart _builder_version=&#8221;3.0.47&#8243;][\/et_pb_wc_add_to_cart][et_pb_wc_meta show_categories=&#8221;off&#8221; show_tags=&#8221;off&#8221; _builder_version=&#8221;4.9.4&#8243; _module_preset=&#8221;default&#8221;][\/et_pb_wc_meta][et_pb_button button_url=&#8221;https:\/\/wa.link\/z3r1jf&#8221; button_text=&#8221;CONTACTA A UN ASESOR&#8221; _builder_version=&#8221;4.9.4&#8243; _module_preset=&#8221;default&#8221; custom_button=&#8221;on&#8221; button_text_size=&#8221;14px&#8221; button_text_color=&#8221;#FFFFFF&#8221; button_bg_color=&#8221;#E02B20&#8243; button_icon=&#8221;%%258%%&#8221; button_icon_placement=&#8221;left&#8221; button_on_hover=&#8221;off&#8221;][\/et_pb_button][\/et_pb_column][\/et_pb_row][et_pb_row _builder_version=&#8221;3.25&#8243; background_size=&#8221;initial&#8221; background_position=&#8221;top_left&#8221; background_repeat=&#8221;repeat&#8221; width=&#8221;100%&#8221;][et_pb_column type=&#8221;4_4&#8243; _builder_version=&#8221;3.25&#8243; custom_padding=&#8221;|||&#8221; custom_padding__hover=&#8221;|||&#8221;][et_pb_wc_tabs _builder_version=&#8221;3.0.47&#8243;]\t\t\t\t\t[\/et_pb_wc_tabs][et_pb_wc_upsells _builder_version=&#8221;3.0.47&#8243;][\/et_pb_wc_upsells][et_pb_wc_related_products _builder_version=&#8221;4.9.4&#8243;][\/et_pb_wc_related_products][\/et_pb_column][\/et_pb_row][\/et_pb_section]<\/p>\n","protected":false},"excerpt":{"rendered":"<p>[et_pb_section fb_built=&#8221;1&#8243; _builder_version=&#8221;3.22&#8243; custom_padding=&#8221;0px||||false|false&#8221;][et_pb_row _builder_version=&#8221;3.25&#8243; background_size=&#8221;initial&#8221; background_position=&#8221;top_left&#8221; background_repeat=&#8221;repeat&#8221; width=&#8221;100%&#8221; custom_padding=&#8221;0px||0px||false|false&#8221;][et_pb_column type=&#8221;4_4&#8243; _builder_version=&#8221;3.25&#8243; custom_padding=&#8221;|||&#8221; custom_padding__hover=&#8221;|||&#8221;][et_pb_wc_cart_notice _builder_version=&#8221;3.0.47&#8243;][\/et_pb_wc_cart_notice][\/et_pb_column][\/et_pb_row][et_pb_row column_structure=&#8221;1_2,1_2&#8243; _builder_version=&#8221;3.25&#8243; background_size=&#8221;initial&#8221; background_position=&#8221;top_left&#8221; background_repeat=&#8221;repeat&#8221; width=&#8221;100%&#8221; custom_padding=&#8221;0px||||false|false&#8221;][et_pb_column type=&#8221;1_2&#8243; _builder_version=&#8221;3.25&#8243; custom_padding=&#8221;|||&#8221; custom_padding__hover=&#8221;|||&#8221;][et_pb_image src=&#8221;https:\/\/www.rotalift.com\/vip\/wp-content\/uploads\/2024\/03\/62001.jpg&#8221; alt=&#8221;COMPRESOR DE ANILLOS DE PISTON&#8221; title_text=&#8221;62001&#8243; _builder_version=&#8221;4.9.4&#8243; _module_preset=&#8221;default&#8221; scroll_scaling=&#8221;0|31|31|100|70|100|100&#8243; hover_enabled=&#8221;0&#8243; transform_styles__hover_enabled=&#8221;on|hover&#8221; transform_scale__hover_enabled=&#8221;on|hover&#8221; transform_translate__hover_enabled=&#8221;on|desktop&#8221; transform_rotate__hover_enabled=&#8221;on|desktop&#8221; transform_skew__hover_enabled=&#8221;on|desktop&#8221; transform_origin__hover_enabled=&#8221;on|desktop&#8221; transform_scale__hover=&#8221;130%|130%&#8221; sticky_enabled=&#8221;0&#8243;][\/et_pb_image][\/et_pb_column][et_pb_column type=&#8221;1_2&#8243; _builder_version=&#8221;3.25&#8243; custom_padding=&#8221;|||&#8221; custom_padding__hover=&#8221;|||&#8221;][et_pb_wc_title _builder_version=&#8221;3.0.47&#8243;][\/et_pb_wc_title][et_pb_wc_price _builder_version=&#8221;3.0.47&#8243;][\/et_pb_wc_price][et_pb_wc_description _builder_version=&#8221;3.0.47&#8243;][\/et_pb_wc_description][et_pb_wc_add_to_cart _builder_version=&#8221;3.0.47&#8243;][\/et_pb_wc_add_to_cart][et_pb_wc_meta show_categories=&#8221;off&#8221; show_tags=&#8221;off&#8221; [&hellip;]<\/p>\n","protected":false},"featured_media":1231,"template":"","meta":{"_et_pb_use_builder":"on","_et_pb_old_content":"","_et_gb_content_width":"","_mi_skip_tracking":false,"spay_email":""},"product_cat":[27],"product_tag":[],"class_list":["post-1196","product","type-product","status-publish","has-post-thumbnail","hentry","product_cat-descontinuada"],"aioseo_notices":[],"jetpack-related-posts":[{"id":797,"url":"https:\/\/www.rotalift.com\/vip\/producto\/compresor-para-piston-de-caliper-67537\/","url_meta":{"origin":1196,"position":0},"title":"COMPRESOR PARA PIST\u00d3N DE CALIPER | 67537","date":"febrero 8, 2024","format":false,"excerpt":"SCROLL PARA\u2026","rel":"","context":"Entrada similar","img":{"alt_text":"","src":"https:\/\/i1.wp.com\/www.rotalift.com\/vip\/wp-content\/uploads\/2024\/02\/67537_02.jpg?fit=600%2C400&ssl=1&resize=350%2C200","width":350,"height":200},"classes":[]},{"id":506,"url":"https:\/\/www.rotalift.com\/vip\/producto\/compresometro\/","url_meta":{"origin":1196,"position":1},"title":"COMPRES\u00d3METRO","date":"diciembre 28, 2022","format":false,"excerpt":"Compres\u00f3metro para veh\u00edculos con cuerdas en las buj\u00edas. Prueba condiciones de v\u00e1lvulas, anillos de pistones, camisas y gaskets.","rel":"","context":"Entrada similar","img":{"alt_text":"Compres\u00f3metro para veh\u00edculos con cuerdas en las buj\u00edas.","src":"https:\/\/i2.wp.com\/www.rotalift.com\/vip\/wp-content\/uploads\/2022\/12\/VVE042.jpg?fit=450%2C450&ssl=1&resize=350%2C200","width":350,"height":200},"classes":[]},{"id":770,"url":"https:\/\/www.rotalift.com\/vip\/producto\/pistola-para-sopletear-rt-dvi035\/","url_meta":{"origin":1196,"position":2},"title":"PISTOLA PARA SOPLETEAR","date":"febrero 8, 2024","format":false,"excerpt":"[et_pb_column\u2026","rel":"","context":"Entrada similar","img":{"alt_text":"","src":"https:\/\/i1.wp.com\/www.rotalift.com\/vip\/wp-content\/uploads\/2024\/05\/RT-DVI035_01.jpg?fit=1000%2C667&ssl=1&resize=350%2C200","width":350,"height":200},"classes":[]},{"id":801,"url":"https:\/\/www.rotalift.com\/vip\/producto\/tapon-de-oidos-earprt\/","url_meta":{"origin":1196,"position":3},"title":"TAPON DE O\u00cdDOS | EARPRT","date":"febrero 8, 2024","format":false,"excerpt":"[et_pb_column type=\"1_2\" _builder_version=\"3.25\"\u2026","rel":"","context":"Entrada similar","img":{"alt_text":"","src":"https:\/\/i1.wp.com\/www.rotalift.com\/vip\/wp-content\/uploads\/2024\/03\/EARPRT_01.jpg?fit=600%2C400&ssl=1&resize=350%2C200","width":350,"height":200},"classes":[]},{"id":984,"url":"https:\/\/www.rotalift.com\/vip\/producto\/set-de-llaves-combinadas-mtricas\/","url_meta":{"origin":1196,"position":4},"title":"SET DE LLAVES COMBINADAS M\u00c9TRICAS","date":"febrero 23, 2024","format":false,"excerpt":"[et_pb_column type=\"1_2\" _builder_version=\"3.25\"\u2026","rel":"","context":"Entrada similar","img":{"alt_text":"","src":"https:\/\/i2.wp.com\/www.rotalift.com\/vip\/wp-content\/uploads\/2024\/05\/BX006_01.jpg?fit=1000%2C667&ssl=1&resize=350%2C200","width":350,"height":200},"classes":[]},{"id":463,"url":"https:\/\/www.rotalift.com\/vip\/producto\/matraca-neumatica-2\/","url_meta":{"origin":1196,"position":5},"title":"MATRACA NEUM\u00c1TICA DE 3\/8","date":"diciembre 28, 2022","format":false,"excerpt":"[et_pb_blurb image=\"https:\/\/www.rotalift.com\/vip\/wp-content\/uploads\/2024\/02\/clic-medio.jpg\" icon_placement=\"left\" disabled_on=\"off|off|off\" _builder_version=\"4.9.4\"\u2026","rel":"","context":"Entrada similar","img":{"alt_text":"Matraca neum\u00e1tica","src":"https:\/\/i1.wp.com\/www.rotalift.com\/vip\/wp-content\/uploads\/2024\/04\/AT-6753_01.jpg?fit=800%2C533&ssl=1&resize=350%2C200","width":350,"height":200},"classes":[]}],"_links":{"self":[{"href":"https:\/\/www.rotalift.com\/vip\/wp-json\/wp\/v2\/product\/1196","targetHints":{"allow":["GET"]}}],"collection":[{"href":"https:\/\/www.rotalift.com\/vip\/wp-json\/wp\/v2\/product"}],"about":[{"href":"https:\/\/www.rotalift.com\/vip\/wp-json\/wp\/v2\/types\/product"}],"wp:featuredmedia":[{"embeddable":true,"href":"https:\/\/www.rotalift.com\/vip\/wp-json\/wp\/v2\/media\/1231"}],"wp:attachment":[{"href":"https:\/\/www.rotalift.com\/vip\/wp-json\/wp\/v2\/media?parent=1196"}],"wp:term":[{"taxonomy":"product_cat","embeddable":true,"href":"https:\/\/www.rotalift.com\/vip\/wp-json\/wp\/v2\/product_cat?post=1196"},{"taxonomy":"product_tag","embeddable":true,"href":"https:\/\/www.rotalift.com\/vip\/wp-json\/wp\/v2\/product_tag?post=1196"}],"curies":[{"name":"wp","href":"https:\/\/api.w.org\/{rel}","templated":true}]}}